{"id":71,"date":"2026-02-23T22:09:42","date_gmt":"2026-02-23T22:09:42","guid":{"rendered":"https:\/\/salonpecheoise.com\/?page_id=71"},"modified":"2026-02-23T22:09:42","modified_gmt":"2026-02-23T22:09:42","slug":"infos-pratiques","status":"publish","type":"page","link":"https:\/\/salonpecheoise.com\/?page_id=71","title":{"rendered":"Infos pratiques"},"content":{"rendered":"\n<h3 class=\"wp-block-heading\">\ud83d\udcc5 Dates et horaires<\/h3>\n\n\n\n<ul class=\"wp-block-list\">\n<li><strong>Dates :<\/strong> Samedi 2 et dimanche 3 mai 2026<\/li>\n\n\n\n<li><strong>Horaires :<\/strong> 9h00 \u2013 19h00<\/li>\n<\/ul>\n\n\n\n<h3 class=\"wp-block-heading\">\ud83d\udccc Lieu<\/h3>\n\n\n\n<p class=\"wp-block-paragraph\"><strong>Man\u00e8ge Ordener<\/strong><br>6\u20138 rue des Jardiniers, 60300 Senlis<\/p>\n\n\n\n<ul class=\"wp-block-list\">\n<li>Salle couverte et confortable<\/li>\n\n\n\n<li>Acc\u00e8s facile depuis Senlis et les alentours<\/li>\n<\/ul>\n\n\n\n<h3 class=\"wp-block-heading\">\ud83d\ude97 Parking<\/h3>\n\n\n\n<ul class=\"wp-block-list\">\n<li><strong>500 places gratuites<\/strong> \u00e0 disposition des visiteurs<\/li>\n\n\n\n<li>Acc\u00e8s direct au Man\u00e8ge Ordener<\/li>\n<\/ul>\n\n\n\n<h3 class=\"wp-block-heading\">\ud83c\udf9f Billetterie<\/h3>\n\n\n\n<div class=\"wp-block-columns is-layout-flex wp-container-core-columns-is-layout-f56f613f wp-block-columns-is-layout-flex\">\n<div class=\"wp-block-column is-layout-flow wp-block-column-is-layout-flow\">\n<h6 class=\"wp-block-heading has-text-align-center\"><strong>tarifs sur place<\/strong><\/h6>\n\n\n\n<ul class=\"wp-block-list\">\n<li>Tarif journ\u00e9e : 4\u20ac<\/li>\n\n\n\n<li>Tarif 2 jours : 6\u20ac<\/li>\n\n\n\n<li>Gratuit : -12 ans<\/li>\n<\/ul>\n<\/div>\n\n\n\n<div class=\"wp-block-column is-layout-flow wp-block-column-is-layout-flow\">\n<h6 class=\"wp-block-heading has-text-align-center\"><strong>tarifs prevente<\/strong><\/h6>\n\n\n\n<ul class=\"wp-block-list\">\n<li>Tarif journ\u00e9e : 3\u20ac<\/li>\n\n\n\n<li>Tarif 2 jours : 5\u20ac<\/li>\n\n\n\n<li>Gratuit : -12 ans<\/li>\n<\/ul>\n<\/div>\n<\/div>\n\n\n\n<p class=\"has-text-align-center wp-block-paragraph\">Possibilit\u00e9 d\u2019acheter vos billets sur place ou en ligne (la billetterie en ligne sera bient\u00f4t ouverte)<\/p>\n\n\n\n<h3 class=\"wp-block-heading\">\ud83c\udf74 Restauration &amp; Buvette<\/h3>\n\n\n\n<ul class=\"wp-block-list\">\n<li>Espace restauration et buvette sur place<\/li>\n\n\n\n<li>Pause d\u00e9jeuner ou go\u00fbter sans quitter le salon<\/li>\n<\/ul>\n\n\n\n<ul class=\"wp-block-list\"><\/ul>\n\n\n\n<h3 class=\"wp-block-heading\">\ud83d\udcac Contact<\/h3>\n\n\n\n<ul class=\"wp-block-list\">\n<li>Vous pouvez <a href=\"https:\/\/salonpecheoise.com\/?page_id=62\" data-type=\"page\" data-id=\"62\">nous contacter ici<\/a><\/li>\n<\/ul>\n","protected":false},"excerpt":{"rendered":"<p>\ud83d\udcc5 Dates et horaires \ud83d\udccc Lieu Man\u00e8ge Ordener6\u20138 rue des Jardiniers, 60300 Senlis \ud83d\ude97 Parking \ud83c\udf9f Billetterie tarifs sur place tarifs prevente Possibilit\u00e9 d\u2019acheter vos billets sur place ou en ligne (la billetterie en ligne sera bient\u00f4t ouverte) \ud83c\udf74 Restauration &amp; Buvette \ud83d\udcac Contact<\/p>\n","protected":false},"author":1,"featured_media":0,"parent":0,"menu_order":0,"comment_status":"closed","ping_status":"closed","template":"","meta":{"_crdt_document":"","footnotes":""},"class_list":["post-71","page","type-page","status-publish","hentry"],"yoast_head":"<!-- This site is optimized with the Yoast SEO plugin v27.0 - https:\/\/yoast.com\/product\/yoast-seo-wordpress\/ -->\n<title>Infos pratiques - Salon de la P\u00eache de Senlis<\/title>\n<meta name=\"robots\" content=\"index, follow, max-snippet:-1, max-image-preview:large, max-video-preview:-1\" \/>\n<link rel=\"canonical\" href=\"https:\/\/salonpecheoise.com\/?page_id=71\" \/>\n<meta property=\"og:locale\" content=\"fr_FR\" \/>\n<meta property=\"og:type\" content=\"article\" \/>\n<meta property=\"og:title\" content=\"Infos pratiques - Salon de la P\u00eache de Senlis\" \/>\n<meta property=\"og:description\" content=\"\ud83d\udcc5 Dates et horaires \ud83d\udccc Lieu Man\u00e8ge Ordener6\u20138 rue des Jardiniers, 60300 Senlis \ud83d\ude97 Parking \ud83c\udf9f Billetterie tarifs sur place tarifs prevente Possibilit\u00e9 d\u2019acheter vos billets sur place ou en ligne (la billetterie en ligne sera bient\u00f4t ouverte) \ud83c\udf74 Restauration &amp; Buvette \ud83d\udcac Contact\" \/>\n<meta property=\"og:url\" content=\"https:\/\/salonpecheoise.com\/?page_id=71\" \/>\n<meta property=\"og:site_name\" content=\"Salon de la P\u00eache de Senlis\" \/>\n<meta name=\"twitter:card\" content=\"summary_large_image\" \/>\n<meta name=\"twitter:label1\" content=\"Dur\u00e9e de lecture estim\u00e9e\" \/>\n\t<meta name=\"twitter:data1\" content=\"1 minute\" \/>\n<script type=\"application\/ld+json\" class=\"yoast-schema-graph\">{\"@context\":\"https:\/\/schema.org\",\"@graph\":[{\"@type\":\"WebPage\",\"@id\":\"https:\/\/salonpecheoise.com\/?page_id=71\",\"url\":\"https:\/\/salonpecheoise.com\/?page_id=71\",\"name\":\"Infos pratiques - Salon de la P\u00eache de Senlis\",\"isPartOf\":{\"@id\":\"https:\/\/salonpecheoise.com\/#website\"},\"datePublished\":\"2026-02-23T22:09:42+00:00\",\"breadcrumb\":{\"@id\":\"https:\/\/salonpecheoise.com\/?page_id=71#breadcrumb\"},\"inLanguage\":\"fr-FR\",\"potentialAction\":[{\"@type\":\"ReadAction\",\"target\":[\"https:\/\/salonpecheoise.com\/?page_id=71\"]}]},{\"@type\":\"BreadcrumbList\",\"@id\":\"https:\/\/salonpecheoise.com\/?page_id=71#breadcrumb\",\"itemListElement\":[{\"@type\":\"ListItem\",\"position\":1,\"name\":\"Accueil\",\"item\":\"https:\/\/salonpecheoise.com\/\"},{\"@type\":\"ListItem\",\"position\":2,\"name\":\"Infos pratiques\"}]},{\"@type\":\"WebSite\",\"@id\":\"https:\/\/salonpecheoise.com\/#website\",\"url\":\"https:\/\/salonpecheoise.com\/\",\"name\":\"Salon de la P\u00eache de Senlis\",\"description\":\"Le 1er Salon de la P\u00eache de l&#039;Oise\",\"publisher\":{\"@id\":\"https:\/\/salonpecheoise.com\/#organization\"},\"potentialAction\":[{\"@type\":\"SearchAction\",\"target\":{\"@type\":\"EntryPoint\",\"urlTemplate\":\"https:\/\/salonpecheoise.com\/?s={search_term_string}\"},\"query-input\":{\"@type\":\"PropertyValueSpecification\",\"valueRequired\":true,\"valueName\":\"search_term_string\"}}],\"inLanguage\":\"fr-FR\"},{\"@type\":\"Organization\",\"@id\":\"https:\/\/salonpecheoise.com\/#organization\",\"name\":\"Salon de la P\u00eache de Senlis\",\"url\":\"https:\/\/salonpecheoise.com\/\",\"logo\":{\"@type\":\"ImageObject\",\"inLanguage\":\"fr-FR\",\"@id\":\"https:\/\/salonpecheoise.com\/#\/schema\/logo\/image\/\",\"url\":\"https:\/\/salonpecheoise.com\/wp-content\/uploads\/2026\/02\/logo.png\",\"contentUrl\":\"https:\/\/salonpecheoise.com\/wp-content\/uploads\/2026\/02\/logo.png\",\"width\":1000,\"height\":1000,\"caption\":\"Salon de la P\u00eache de Senlis\"},\"image\":{\"@id\":\"https:\/\/salonpecheoise.com\/#\/schema\/logo\/image\/\"}}]}<\/script>\n<!-- \/ Yoast SEO plugin. -->","yoast_head_json":{"title":"Infos pratiques - Salon de la P\u00eache de Senlis","robots":{"index":"index","follow":"follow","max-snippet":"max-snippet:-1","max-image-preview":"max-image-preview:large","max-video-preview":"max-video-preview:-1"},"canonical":"https:\/\/salonpecheoise.com\/?page_id=71","og_locale":"fr_FR","og_type":"article","og_title":"Infos pratiques - Salon de la P\u00eache de Senlis","og_description":"\ud83d\udcc5 Dates et horaires \ud83d\udccc Lieu Man\u00e8ge Ordener6\u20138 rue des Jardiniers, 60300 Senlis \ud83d\ude97 Parking \ud83c\udf9f Billetterie tarifs sur place tarifs prevente Possibilit\u00e9 d\u2019acheter vos billets sur place ou en ligne (la billetterie en ligne sera bient\u00f4t ouverte) \ud83c\udf74 Restauration &amp; Buvette \ud83d\udcac Contact","og_url":"https:\/\/salonpecheoise.com\/?page_id=71","og_site_name":"Salon de la P\u00eache de Senlis","twitter_card":"summary_large_image","twitter_misc":{"Dur\u00e9e de lecture estim\u00e9e":"1 minute"},"schema":{"@context":"https:\/\/schema.org","@graph":[{"@type":"WebPage","@id":"https:\/\/salonpecheoise.com\/?page_id=71","url":"https:\/\/salonpecheoise.com\/?page_id=71","name":"Infos pratiques - Salon de la P\u00eache de Senlis","isPartOf":{"@id":"https:\/\/salonpecheoise.com\/#website"},"datePublished":"2026-02-23T22:09:42+00:00","breadcrumb":{"@id":"https:\/\/salonpecheoise.com\/?page_id=71#breadcrumb"},"inLanguage":"fr-FR","potentialAction":[{"@type":"ReadAction","target":["https:\/\/salonpecheoise.com\/?page_id=71"]}]},{"@type":"BreadcrumbList","@id":"https:\/\/salonpecheoise.com\/?page_id=71#breadcrumb","itemListElement":[{"@type":"ListItem","position":1,"name":"Accueil","item":"https:\/\/salonpecheoise.com\/"},{"@type":"ListItem","position":2,"name":"Infos pratiques"}]},{"@type":"WebSite","@id":"https:\/\/salonpecheoise.com\/#website","url":"https:\/\/salonpecheoise.com\/","name":"Salon de la P\u00eache de Senlis","description":"Le 1er Salon de la P\u00eache de l&#039;Oise","publisher":{"@id":"https:\/\/salonpecheoise.com\/#organization"},"potentialAction":[{"@type":"SearchAction","target":{"@type":"EntryPoint","urlTemplate":"https:\/\/salonpecheoise.com\/?s={search_term_string}"},"query-input":{"@type":"PropertyValueSpecification","valueRequired":true,"valueName":"search_term_string"}}],"inLanguage":"fr-FR"},{"@type":"Organization","@id":"https:\/\/salonpecheoise.com\/#organization","name":"Salon de la P\u00eache de Senlis","url":"https:\/\/salonpecheoise.com\/","logo":{"@type":"ImageObject","inLanguage":"fr-FR","@id":"https:\/\/salonpecheoise.com\/#\/schema\/logo\/image\/","url":"https:\/\/salonpecheoise.com\/wp-content\/uploads\/2026\/02\/logo.png","contentUrl":"https:\/\/salonpecheoise.com\/wp-content\/uploads\/2026\/02\/logo.png","width":1000,"height":1000,"caption":"Salon de la P\u00eache de Senlis"},"image":{"@id":"https:\/\/salonpecheoise.com\/#\/schema\/logo\/image\/"}}]}},"_links":{"self":[{"href":"https:\/\/salonpecheoise.com\/index.php?rest_route=\/wp\/v2\/pages\/71","targetHints":{"allow":["GET"]}}],"collection":[{"href":"https:\/\/salonpecheoise.com\/index.php?rest_route=\/wp\/v2\/pages"}],"about":[{"href":"https:\/\/salonpecheoise.com\/index.php?rest_route=\/wp\/v2\/types\/page"}],"author":[{"embeddable":true,"href":"https:\/\/salonpecheoise.com\/index.php?rest_route=\/wp\/v2\/users\/1"}],"replies":[{"embeddable":true,"href":"https:\/\/salonpecheoise.com\/index.php?rest_route=%2Fwp%2Fv2%2Fcomments&post=71"}],"version-history":[{"count":1,"href":"https:\/\/salonpecheoise.com\/index.php?rest_route=\/wp\/v2\/pages\/71\/revisions"}],"predecessor-version":[{"id":72,"href":"https:\/\/salonpecheoise.com\/index.php?rest_route=\/wp\/v2\/pages\/71\/revisions\/72"}],"wp:attachment":[{"href":"https:\/\/salonpecheoise.com\/index.php?rest_route=%2Fwp%2Fv2%2Fmedia&parent=71"}],"curies":[{"name":"wp","href":"https:\/\/api.w.org\/{rel}","templated":true}]}}